ase 11, what is -2574366 - 15?
-2574380
In base 9, what is -200 - -25201?
25001
In base 15, what is -987 + 1de8?
1461
In base 10, what is -1166885 - 379?
-1167264
In base 13, what is 0 - -52c020?
52c020
In base 7, what is 1362 - 536251?
-534556
In base 12, what is 47 - 2a2408?
-2a2381
In base 12, what is 8698 - 1050?
7648
In base 5, what is -24124324 - -101?
-24124223
In base 16, what is -2586 - -439?
-214d
In base 7, what is 260566 + -531?
260035
In base 12, what is -6825 + -41a2?
-aa07
In base 6, what is -23322 + -1151403?
-1215125
In base 5, what is -32021031131 + -4?
-32021031140
In base 4, what is 223322 + 2013310?
2303232
In base 5, what is 3214411012 - 2?
3214411010
In base 5, what is 10 - -2114243323?
2114243333
In base 16, what is -70d + 2ece?
27c1
In base 12, what is -1b73 + 2226?
273
In base 14, what is 41 + -6518b2?
-651871
In base 7, what is 2424101 - -136?
2424240
In base 7, what is -10435206 + -613?
-10436122
In base 5, what is -314430440 + 31?
-314430404
In base 5, what is 340 - 203140301?
-203134411
In base 14, what is -c61b - 2d?
-c64a
In base 16, what is 3 - -3d1d2b4?
3d1d2b7
In base 3, what is 202011100 - 11000210?
121010120
In base 8, what is 14 + 33333234?
33333250
In base 16, what is db + ab46?
ac21
In base 10, what is 19 - 5146150?
-5146131
In base 8, what is 4 + 55335743?
55335747
In base 8, what is -1113034 - -2002?
-1111032
In base 13, what is b3 - 57233?
-57150
In base 6, what is 12143 + 30355?
42542
In base 7, what is 1144 + -1351030?
-1346553
In base 12, what is 1a - 1864ba?
-1864a0
In base 10, what is 5 + 73625798?
73625803
In base 3, what is -1 - 1112201022211211?
-1112201022211212
In base 11, what is 25a78 + 191?
26159
In base 16, what is -4 - -39fab5?
39fab1
In base 15, what is -94eec + -12?
-9500e
In base 16, what is -654a5d + -5?
-654a62
In base 5, what is -210141224241 - 1?
-210141224242
In base 7, what is -16420551315 - 4?
-16420551322
In base 7, what is -166 + 251064?
250565
In base 7, what is 6 + 215401452?
215401461
In base 8, what is -5666 - -15256?
7370
In base 2, what is -11111110111 - 1001101110111001?
-1010001110110000
In base 5, what is 123420 + -1042?
122323
In base 13, what is b - -152869a?
15286a8
In base 15, what is -4 - -1ae352?
1ae34d
In base 5, what is -20021 - -24330423?
24310402
In base 11, what is 34237 + 1a8?
34434
In base 2, what is 11010 - 10001000000111000?
-10001000000011110
In base 16, what is -9b5a9 + -b8?
-9b661
In base 10, what is -70712 - 3?
-70715
In base 11, what is 77336 - 1a?
77317
In base 4, what is -30211302 + -2023?
-30213331
In base 13, what is 173 - b96814?
-b96671
In base 6, what is -3 + -454303444?
-454303451
In base 15, what is -63 + -2148a?
-214ed
In base 8, what is -6763751 + 1?
-6763750
In base 5, what is 133422 - -302023?
441000
In base 12, what is -4b9635 + 26?
-4b960b
In base 10, what is -8847 + 13563?
4716
In base 13, what is -14a - -26006c?
25cc22
In base 5, what is -24 - -4013201?
4013122
In base 2, what is 101001000 + -10100101110010?
-10100000101010
In base 15, what is 49 - -cdb1?
ce0a
In base 6, what is 2 + 10002501535?
10002501541
In base 15, what is -41de0e7 - 6?
-41de0ed
In base 15, what is -282ab21 + 0?
-282ab21
In base 9, what is 73415836 + 1?
73415837
In base 14, what is 79a3bc - 4?
79a3b8
In base 5, what is -10 + -13241330320?
-13241330330
In base 8, what is -116033411 + 3?
-116033406
In base 4, what is -3 - -31130211233?
31130211230
In base 6, what is -3 + 25123134444?
25123134441
In base 4, what is -30202302123 - -11?
-30202302112
In base 8, what is 1 + -1315177004?
-1315177003
In base 5, what is 14 - -2003440123?
2003440142
In base 4, what is -10 - 201210201?
-201210211
In base 4, what is -333210110 - 2212?
-333212322
In base 7, what is -20015362 + 141?
-20015221
In base 4, what is -2120212112 - -3102?
-2120203010
In base 14, what is -191 + 408b7?
40726
In base 11, what is 289a19a9 + 5?
289a1a03
In base 7, what is 1000 + 310?
1310
In base 13, what is 77b16 + 7?
77b20
In base 2, what is 100110 - -110001110000100111101001?
110001110000101000001111
In base 7, what is -46566 - -25020?
-21546
In base 3, what is 1002121 + -1120210020100?
-1120202010202
In base 9, what is -72 + -2474821?
-2475003
In base 11, what is 7970250 - 4?
7970247
In base 8, what is 33 + 121400363?
121400416
In base 8, what is 15 + 4007067?
4007104
In base 12, what is -114 + -1b85?
-2099
In base 15, what is -63 - -e4b8?
e455
In base 8, what is -61032 - 1163?
-62215
In base 4, what is 10 - 33102221?
-33102211
In base 5, what is 4443304310 - 340?
4443303420
In base 7, what is -164105642 - -4?
-164105635
In base 7, what is 25 - 46015002?
-46014644
In base 9, what is 0 + -6880728?
-6880728
In base 16, what is a54d8 - -6?
a54de
In base 3, what is -12022120120020221 - 21?
-12022120120021012
In base 8, what is 14 + -7545?
-7531
In base 10, what is 146 + -74155?
-74009
In base 2, what is 111000111 - -101001001011000?
101010000011111
In base 6, what is -450 - -45045555?
45045105
In base 3, what is 122121122 + 10100200?
202222022
In base 3, what is 10002222 - -1200010121?
1210020120
In base 11, what is 3 + -2723735?
-2723732
In base 16, what is -a55007 - -2?
-a55005
In base 13, what is -7 + 379c23?
379c19
In base 3, what is -22102102 + 1120220001?
1021110122
In base 5, what is -1 - -204103111?
204103110
In base 2, what is 1101000010101 - -1010011010000?
10111011100101
In base 16, what is -4 + 5c2a6e?
5c2a6a
In base 3, what is 100012112 - -10112222?
110202111
In base 10, what is 108 + 2465248?
2465356
In base 8, what is 21203563 + 1?
21203564
In base 9, what is -1264342 + -48?
-1264401
In base 15, what is -d02dc8 + 2?
-d02dc6
In base 15, what is 5b8 + -3881a?
-38252
In base 11, what is -2965735 - -1?
-2965734
In base 10, what is 17 + -1783580?
-1783563
In base 3, what is -12010000201012121 - 222?
-12010000201020120
In base 11, what is -5 - 1281?
-1286
In base 14, what is 125 + 4dcd1?
50016
In base 12, what is -3 + 568929b1?
568929aa
In base 13, what is 16ca + 63bc?
7ab9
In base 12, what is 1108 + 198?
12a4
In base 5, what is -24100 - -143222410?
143143310
In base 9, what is -1634350 + -4?
-1634354
In base 2, what is -11111000100100111001 - -10010?
-11111000100100100111
In base 10, what is 24827348 - 1?
24827347
In base 11, what is 7743 - -94?
7827
In base 8, what is 3 - 616035262?
-616035257
In base 5, what is 1 - 12033324013?
-12033324012
In base 2, what is 11111001010001110100110100 + 0?
11111001010001110100110100
In base 8, what is -36 - 153242?
-153300
In base 2, what is -10 + -11010011000101110010000100?
-11010011000101110010000110
In base 12, what is 1b8048b6 - 1?
1b8048b5
In base 5, what is 240241414141 - 3?
240241414133
In base 15, what is -6cb01a4 + -e?
-6cb01b3
In base 6, what is -10154 + -355215?
-405413
In base 12, what is 587a1 - 11?
58790
In base 10, what is 46474 - -948?
47422
In base 5, what is -201240 + 310312?
104022
In base 4, what is -10 - -23210033120?
23210033110
In base 10, what is -285790 - 10?
-285800
In base 12, what is -54267881 + 0?
-54267881
In base 15, what is -195b + -178d?
-31e9
In base 10, what is -72 - 1746?
-1818
In base 15, what is -4848d + 2e6?
-48197
In base 4, what is 3321001 + 110201201?
120122202
In base 9, what is 4 + 81505548?
81505553
In base 11, what is 5 - -840a207?
840a211
In base 13, what is 612 + 47134?
47746
In base 10, what is -2307443 + -4?
-2307447
In base 5, what is -1112113110004 - 0?
-1112113110004
In base 10, what is -541 - -2066574?
2066033
In base 13, what is 4 - 18793bba?
-18793bb6
In base 11, what is 50a18494 + -2?
50a18492
In base 14, what is bd14 - -15ba?
d4d0
In base 15, what is -3cd5e2 - 63?
-3cd655
In base 9, what is 13028822 + 1?
13028823
In base 14, what is 38d0 + -16a?
3764
In base 12, what is -975a725 - 2?
-975a727
In base 13, what is -13b9 + -41c?
-1808
In base 6, what is 252241 - 14253?
233544
In base 13, what is -6b839652 - -1?
-6b839651
In base 13, what is -5490671 + 1?
-5490670
In base 4, what is -3 - 20102230122?
-20102230131
In base 11, what is 25 + -111283?
-111259
In base 10, what is 24 + -68241?
-68217
In base 10, what is 1651739 + -34?
1651705
In base 10, what is -5 - 140595145?
-140595150
In base 3, what is 21102220110101 - 2?
21102220110022
In base 14, what is -1 + 6cbc3ca?
6cbc3c9
In base 13, what is 1